 = 1082, -5*d - 412 - 1766 = -4*z. What is the remainder when 558 is divided by z?
16
Suppose 16*b = 18*b - 100. Calculate the remainder when 386 is divided by b.
36
Let j(b) = -207*b - 1344. What is the remainder when j(-9) is divided by 38?
25
What is the remainder when 2514 is divided by (-448)/(-352)*(-1 - -12)?
8
Let r be (278*3/6)/1. Suppose -r = -5*l + 326. Suppose 3370 = 16*d + 2858. Calculate the remainder when l is divided by d.
29
Let n = -888 - -950. What is the remainder when 325 is divided by n?
15
Suppose -43*r = -39*r + 780. Let b = r + 454. Calculate the remainder when b is divided by 52.
51
Let i(b) = 167*b**3 + 3*b**2 + 5*b - 8. Calculate the remainder when i(1) is divided by 25.
17
Suppose 101*p - 294 = 95*p. Let i = 753 + -725. What is the remainder when p is divided by i?
21
Calculate the remainder when 1823 is divided by 67/670*(-145)/(-2) - 1/4.
3
Let l(z) = -184 + 92 + 16*z + 91 + z**2. Let x(r) = 2*r**2 + 15*r - 2. Let o(s) = -3*l(s) + 4*x(s). What is the remainder when o(-6) is divided by 26?
25
Suppose 4*h - 45 = -h. Suppose 964*t - 72002 - 3073 = 155321. What is the remainder when t is divided by h?
5
Let d = -13 + 23. Suppose 0 = -4*p + 2*p - p. Let i = p - -19. Calculate the remainder when i is divided by d.
9
Suppose -u + 3*h - 6 = 6*h, 0 = 5*u - 4*h - 8. Suppose 3*a - 2*q = 2, u = -q - 1 - 3. What is the remainder when 15 is divided by (2 - 0)/((2 + -3)/a)?
3
Let o = 10743 + -10714. What is the remainder when 36 is divided by o?
7
What is the remainder when 226 is divided by (137 - -1)*(-76)/(-228)?
42
Suppose -593 + 715 - 4322 = -175*c. What is the remainder when 37 is divided by c?
13
Let n(y) = 3*y**3 + y. Suppose 9*l = 8*l + 2. Calculate the remainder when 62 is divided by n(l).
10
Suppose -5*v + 82 = -3*r - 332, 2 = r. Suppose q = -5*d + 46, -31 = -5*q - 2*d + v. Calculate the remainder when 36 is divided by q.
15
Suppose 0 = -5*n - 2564 + 6014. Calculate the remainder when n is divided by 319.
52
Calculate the remainder when -9*(-7)/126*50160/15 is divided by 6.
4
Let n be 54/9*(-4)/(-6). Suppose -16 = 2*m - 4*z, n*m + 5*z - 3 = -9. What is the remainder when 10/m*(-5 - (-91)/(-5)) is divided by 10?
8
Suppose 79775 = -159*d + 205703. Calculate the remainder when d is divided by 2/(-5) + (-307)/(-5).
60
Let n be (-777)/(-74)*4/6. Calculate the remainder when (n/(-4))/(19/(-1064)) is divided by 21.
14
Suppose -37*m + 37 = -74. Suppose g - 10 = -4*q, 3*q + 0*g - 4*g = -2. What is the remainder when m is divided by 6/(-3) + q + 1?
0
Suppose -3*t + 9*a = 4*a + 3, -5*a - 4 = 4*t. Calculate the remainder when 211 is divided by (1705/(-330))/(t/6).
25
Suppose 0*a = 5*a - a. Suppose h + 17 = 3*x + 2*x, -x + 2*h - 2 = a. Calculate the remainder when 17 is divided by x.
1
Suppose 16*m - 388 = 90 + 226. Calculate the remainder when 68 is divided by m.
24
Let w = -2 - 0. Let v = -32 - -44. Calculate the remainder when w/12 + 805/42 is divided by v.
7
Let b = -23434 - -23795. What is the remainder when b is divided by 95?
76
Let g(m) = m**3 - 6*m**2 + 42*m - 374. Calculate the remainder when 255 is divided by g(8).
75
Suppose 0 = -61*k + 71*k - 3660. What is the remainder when k is divided by 34?
26
Let o(n) = -208*n + 639. What is the remainder when 216 is divided by o(3)?
6
Suppose 2*b + 15*d - 324 = 17*d, 0 = -3*b + 4*d + 484. Calculate the remainder when 80 is divided by (-1)/(-5 + 816/b).
39
Suppose -23283*w + 23299*w = 58736. Calculate the remainder when w is divided by 80.
71
Suppose 4227 + 1608 = 230*p - 8425. Suppose 2*a = 3*a - 183. Calculate the remainder when a is divided by p.
59
What is the remainder when 71 is divided by (21 + -22)/(1/(-8))?
7
Let p be (-6)/14 + 24/7. Suppose q + p*q - 212 = 0. Suppose 2*m + 17 = 2*u - q, -4*u + m + 134 = 0. Calculate the remainder when 98 is divided by u.
32
Suppose 0 = 1773*o - 1770*o + 7 - 46. Suppose 4*d = 9*d - 635. What is the remainder when d is divided by o?
10
Let a(q) = -48*q**2 - 5*q + 4. Let b(g) = 96*g**2 + 11*g - 9. Let r(v) = -13*a(v) - 6*b(v). What is the remainder when r(1) is divided by 13/1 + 6 + -2 + -4?
10
Let q be 27/6*(3 + 50/(-18)). What is the remainder when 53 is divided by ((-110)/(-22) - 6*q)*-8?
5
Suppose 0 = -1137*t + 1135*t + 14. Suppose -t*a = 23*a - 180. What is the remainder when a is divided by 3?
0
Let s be 4/(-12) + (5 - (-14)/(-3)). Let x(a) = 3*a**3 + a**2 + 7. Calculate the remainder when 40 is divided by x(s).
5
Let j = -45 + 80. Let x(z) = 3*z - 21*z**3 - 5 - 17*z**3 + 39*z**3 - 6 - 8*z**2. What is the remainder when j is divided by x(8)?
9
Let c = 53 + -58. Let z(x) = -x**2 - 10*x - 10. Let t be z(c). What is the remainder when 33 is divided by 2/10 + 177/t?
9
Calculate the remainder when 61540/17 + (1 - 20) + 7 is divided by 172.
168
Let z = 603 + -167. Suppose -3*l + 41 = -z. Calculate the remainder when l is divided by 44.
27
Let s(b) = -2*b**2 - 57*b - 3. Let i be s(-9). Let j = -312 + i. Calculate the remainder when 177 is divided by j.
33
Suppose -4 = 4*m, -2*m = -31*h + 33*h - 1102. What is the remainder when h is divided by 47?
35
Let a be -12 + 17 + (1 - 3). Suppose -2*f - 3*f = -4*r + 172, 4*f - a*r = -137. What is the remainder when f/16*334/(-4) is divided by 24?
23
Let h = 48 - 52. Calculate the remainder when ((-32)/((-16)/h))/((-2)/7) is divided by 12.
4
Let j(c) = c**2 + 25*c - 12. What is the remainder when 207 is divided by j(-26)?
11
Suppose -2*r + 5*h - 9 = -3*r, 4*r + 4*h = -12. Calculate the remainder when 72 is divided by -1*r/8 - (-196)/16.
7
Suppose 2*i - 4 = -2*i. Let p(m) = m + 5. What is the remainder when (-26)/(9/3 + i + -5) is divided by p(4)?
8
Suppose 5*m - 3*b + 590 = 2*b, 4*b = 2*m + 228. Let n = -77 - m. Let h(y) = 3*y - 2. Calculate the remainder when n is divided by h(6).
13
Let a(s) = s**3 - s**2 - 20*s + 3. Let r be a(6). What is the remainder when 110 is divided by -4 + 2 + r/3?
15
Let f(q) = q**3 + 6*q**2 - 2*q - 6. What is the remainder when (-51)/(-3*((-3)/5)/(-3)) is divided by f(-5)?
27
Let t(c) = c**3 + 16*c**2 + 15*c + 15. Suppose 4*h + 219 - 159 = 0. Let b = -19 + 61. Calculate the remainder when b is divided by t(h).
12
Let n(h) be the first derivative of -h**4/4 - 5*h**3 - 8*h**2 - 11*h + 26. Calculate the remainder when 43 is divided by n(-14).
9
Suppose 111*k = 50350 + 28016. Calculate the remainder when k is divided by 226.
28
Suppose -2*u - 3*m + 303 = 0, 9*u - 7*u = -5*m + 297. What is the remainder when 389 is divided by u?
77
Let h(a) = -a**3 - 21*a**2 - 2*a - 9. Let q be h(-21). Suppose n - 5*z = q - 18, 5*n - 155 = 5*z. What is the remainder when n is divided by 5?
0
Let n(d) = 9*d - 262. Calculate the remainder when n(78) is divided by 111.
107
Suppose 15*r - 594 = 966. What is the remainder when r is divided by (1 + 57/(-12))*-4?
14
Let t(o) be the first derivative of o**3/3 + 5*o**2/2 + 7*o + 4. What is the remainder when (37/(-3) + -2 + 4)*1104/(-92) is divided by t(-7)?
19
Suppose 3*x + 190 = 4*u - 70, u - 2*x = 65. Let l = 34 - -2. What is the remainder when u is divided by l?
29
Let k = -4646 + 4664. Calculate the remainder when 449 is divided by k.
17
Let k = 7839 + -7768. What is the remainder when 13773 is divided by k?
70
Suppose -3*k - 4*h = -347, -2*k + 5*h + 170 = -46. What is the remainder when 560 is divided by k?
108
Suppose 0 = 134*c + 26028 - 66630. Calculate the remainder when c is divided by 150.
3
Let z = 418 + -453. Calculate the remainder when 42 is divided by 56*-1*(5 - (-185)/z).
10
Suppose -24*u = -19*u + 975. Let k = 214 + u. What is the remainder when 64 is divided by k?
7
Let i(v) = -20*v - 100. Let b be i(-5). Calculate the remainder when 1 - (-60 - (-1)/1) is divided by (b - -2)*(-16)/(-2).
12
Suppose 37*r + 180 = 33*r. Let t = r - -46. Calculate the remainder when (-53 + 24)/((2/(-4))/t) is divided by 15.
13
Let w(i) = -i**3 + 16*i**2 + 44*i - 307. Calculate the remainder when 550 is divided by w(17).
94
Let g(n) = n + n**2 - 7*n - 7 - 12 + n. Let h be g(8). Suppose -m - 251 = -h*m + 5*y, m - 59 = 5*y. What is the remainder when m is divided by 33?
31
Suppose -i - 12431 = -2*a, 5*a + i - 1003 = 30043. What is the remainder when a is divided by 3096?
19
Let r(m) = -2*m**3 - 7*m**2 + 4*m + 9. Calculate the remainder when 52 is divided